 the units digit of 51844044?
4
What is the tens digit of 510821688?
8
What is the ten thousands digit of 1704662597?
6
What is the ten millions digit of 5282351896?
8
What is the millions digit of 53152091?
3
What is the ten millions digit of 5182659772?
8
What is the hundred millions digit of 2574226709?
5
What is the tens digit of 95652082?
8
What is the thousands digit of 4794542080?
2
What is the thousands digit of 252015524?
5
What is the ten millions digit of 77146769?
7
What is the ten millions digit of 61604475?
6
What is the millions digit of 46836536?
6
What is the hundreds digit of 885321677?
6
What is the thousands digit of 132454969?
4
What is the hundred thousands digit of 10791440?
7
What is the ten thousands digit of 22465029?
6
What is the thousands digit of 2076256188?
6
What is the millions digit of 1365940049?
5
What is the hundred millions digit of 2004499106?
0
What is the millions digit of 3227736642?
7
What is the thousands digit of 143258032?
8
What is the thousands digit of 4821917288?
7
What is the ten thousands digit of 3743481836?
8
What is the units digit of 37634629?
9
What is the thousands digit of 519007066?
7
What is the ten thousands digit of 173613800?
1
What is the millions digit of 115888486?
5
What is the ten thousands digit of 196873135?
7
What is the tens digit of 2991351?
5
What is the tens digit of 1453765739?
3
What is the thousands digit of 177235670?
5
What is the hundred millions digit of 130095174?
1
What is the hundreds digit of 347139548?
5
What is the thousands digit of 62849552?
9
What is the units digit of 354812173?
3
What is the tens digit of 78081905?
0
What is the hundred thousands digit of 281719633?
7
What is the hundred thousands digit of 223867358?
8
What is the units digit of 59955450?
0
What is the hundreds digit of 348221935?
9
What is the tens digit of 50481973?
7
What is the hundred thousands digit of 902750057?
7
What is the hundreds digit of 610950870?
8
What is the tens digit of 13286974?
7
What is the hundred millions digit of 6142753217?
1
What is the thousands digit of 742339668?
9
What is the hundreds digit of 36593960?
9
What is the hundreds digit of 5234469393?
3
What is the millions digit of 263266229?
3
What is the ten millions digit of 1266391615?
6
What is the tens digit of 1097971127?
2
What is the hundreds digit of 44509770?
7
What is the millions digit of 6381090323?
1
What is the hundred millions digit of 853801606?
8
What is the units digit of 1765630938?
8
What is the hundreds digit of 23248048?
0
What is the hundred thousands digit of 10203063?
2
What is the millions digit of 17932482?
7
What is the hundred millions digit of 181690218?
1
What is the hundred millions digit of 285877003?
2
What is the ten thousands digit of 44275725?
7
What is the tens digit of 395090473?
7
What is the hundred millions digit of 433496757?
4
What is the millions digit of 711005338?
1
What is the ten thousands digit of 93332277?
3
What is the hundred millions digit of 3643739608?
6
What is the tens digit of 383650525?
2
What is the hundred thousands digit of 577772104?
7
What is the tens digit of 12126324?
2
What is the tens digit of 36960895?
9
What is the thousands digit of 75652135?
2
What is the ten thousands digit of 98613030?
1
What is the millions digit of 5357853940?
7
What is the hundreds digit of 41700208?
2
What is the ten thousands digit of 184184034?
8
What is the ten thousands digit of 6227068?
2
What is the units digit of 40369274?
4
What is the millions digit of 941679976?
1
What is the ten thousands digit of 1785522676?
2
What is the hundred millions digit of 322165814?
3
What is the billions digit of 5687330034?
5
What is the millions digit of 60668196?
0
What is the hundreds digit of 89089802?
8
What is the millions digit of 171162586?
1
What is the hundred thousands digit of 16854368?
8
What is the tens digit of 721294205?
0
What is the hundreds digit of 1923577423?
4
What is the ten millions digit of 1433637874?
3
What is the hundreds digit of 87953109?
1
What is the thousands digit of 110973079?
3
What is the ten thousands digit of 299912585?
1
What is the hundred millions digit of 515062767?
5
What is the ten millions digit of 7472792998?
7
What is the tens digit of 683606532?
3
What is the hundred millions digit of 425840447?
4
What is the ten millions digit of 71647023?
7
What is the millions digit of 603734032?
3
What is the ten millions digit of 303811374?
0
What is the units digit of 43738966?
6
What is the millions digit of 5356178401?
6
What is the thousands digit of 1487862563?
2
What is the ten millions digit of 2172457780?
7
What is the hundred millions digit of 221344850?
2
What is the tens digit of 5502839797?
9
What is the hundred thousands digit of 178654665?
6
What is the ten thousands digit of 3282080001?
8
What is the hundred millions digit of 926848763?
9
What is the thousands digit of 3859973680?
3
What is the thousands digit of 51039021?
9
What is the ten thousands digit of 756545870?
4
What is the millions digit of 1034308871?
4
What is the tens digit of 1329999963?
6
What is the tens digit of 337181743?
4
What is the tens digit of 1714648720?
2
What is the ten thousands digit of 243727992?
2
What is the thousands digit of 89808409?
8
What is the tens digit of 7750448898?
9
What is the millions digit of 1401881412?
1
What is the thousands digit of 143147350?
7
What is the thousands digit of 317699997?
9
What is the hundreds digit of 133979019?
0
What is the millions digit of 255897243?
5
What is the millions digit of 3632824959?
2
What is the units digit of 1816462518?
8
What is the hundreds digit of 229857708?
7
What is the millions digit of 116238185?
6
What is the units digit of 128363881?
1
What is the hundreds digit of 145734071?
0
What is the ten millions digit of 44505417?
4
What is the hundred thousands digit of 7159340?
1
What is the units digit of 35898369?
9
What is the thousands digit of 139279553?
9
What is the hundreds digit of 11912463?
4
What is the hundred thousands digit of 81988494?
9
What is the tens digit of 1857393837?
3
What is the units digit of 448112471?
1
What is the hundred millions digit of 2242332959?
2
What is the hundreds digit of 409426722?
7
What is the units digit of 4620538997?
7
What is the hundred thousands digit of 212098538?
0
What is the hundreds digit of 1103530708?
7
What is the ten millions digit of 30447033?
3
What is the hundreds digit of 701071?
0
What is the hundred thousands digit of 7457641757?
6
What is the thousands digit of 45289882?
9
What is the ten millions digit of 218067526?
1
What is the tens digit of 46551615?
1
What is the hundred millions digit of 160612528?
1
What is the hundred millions digit of 658177966?
6
What is the ten millions digit of 1435561415?
3
What is the thousands digit of 471839139?
9
What is the hundred thousands digit of 50653913?
6
What is the units digit of 49478586?
6
What is the hundreds digit of 162941206?
2
What is the units digit of 69651825?
5
What is the ten millions digit of 33637362?
3
What is the billions digit of 1143315348?
1
What is the hundreds digit of 392961095?
0
What is the millions digit of 74314909?
4
What is the ten millions digit of 2046910807?
4
What is the tens digit of 218838068?
6
What is the tens digit of 1991578012?
1
What is the thousands digit of 20683028?
3
What is the hundred thousands digit of 203407705?
4
What is the ten millions digit of 37275085?
3
What is the hundreds digit of 439281702?
7
What is the units digit of 115204715?
5
What is the units digit of 173325478?
8
What is the hundred thousands digit of 2284422221?
4
What is the millions digit of 33957796?
3
What is the units digit of 1453643923?
3
What is the hundred millions digit of 229656993?
2
What is the ten millions digit of 3136100525?
3
What is the millions digit of 859989798?
9
What is the hundred thousands digit of 105536090?
5
What is the millions digit of 58666998?
8
What is the millions digit of 162525318?
2
What is the hundred millions digit of 1430451641?
4
What is the ten thousands digit of 294225257?
2
What is the tens digit of 33938589?
8
What is the millions digit of 7053640019?
3
What is the ten millions digit of 351598670?
5
What is the hu